334 + 111?
-103223
In base 7, what is -152116 - 5?
-152124
In base 7, what is 5 + 351264?
351302
In base 9, what is 1401 - -1362?
2763
In base 5, what is -4 + 24212?
24203
In base 6, what is 1143 + -512?
231
In base 8, what is -5 - -32317?
32312
In base 4, what is 11111202122 + 10?
11111202132
In base 6, what is -2524041 + -11?
-2524052
In base 14, what is -63 + 663?
600
In base 12, what is 84a + 42?
890
In base 12, what is b01a - -1?
b01b
In base 14, what is 9d + 439?
4d8
In base 9, what is 130734 - -4?
130738
In base 13, what is -2 + 6a73b?
6a739
In base 8, what is 4 + 244341?
244345
In base 2, what is 101101101110111 - 11?
101101101110100
In base 6, what is 2 + -5242?
-5240
In base 12, what is -3209 + 2?
-3207
In base 10, what is -3 + 83707?
83704
In base 13, what is 916a1 - 2?
9169c
In base 3, what is -10 - -12201221000?
12201220220
In base 14, what is 19a9cb - 4?
19a9c7
In base 10, what is -6 - -54217?
54211
In base 8, what is -3 + -37222?
-37225
In base 11, what is 491239 - 2?
491237
In base 2, what is 1011000101110001101 - -11?
1011000101110010000
In base 13, what is 71c5 - a?
71b8
In base 11, what is 1 - -65155?
65156
In base 16, what is -d7 - 135?
-20c
In base 14, what is -5 + a68a?
a685
In base 14, what is -d7683 - 1?
-d7684
In base 8, what is 331 + -111?
220
In base 8, what is -5452 + -33?
-5505
In base 6, what is -120204 + 11?
-120153
In base 13, what is 36ac + -a?
36a2
In base 9, what is 25 + -1552?
-1526
In base 9, what is 1 + -1060171?
-1060170
In base 2, what is 110111011001011 + -11?
110111011001000
In base 7, what is 1623 + 234?
2160
In base 11, what is -67 - -240?
184
In base 6, what is 35020 - 2?
35014
In base 10, what is 19 + 17477?
17496
In base 9, what is 4 - -124380?
124384
In base 16, what is -5 - -4e86?
4e81
In base 11, what is 838 + -43?
7a5
In base 3, what is 20100 + 12020?
102120
In base 14, what is -1 + c024a?
c0249
In base 13, what is 3813 - 0?
3813
In base 7, what is -23336 - -20?
-23316
In base 16, what is -2140 - 0?
-2140
In base 3, what is -22211002 + 21?
-22210211
In base 7, what is -4 - -1034441?
1034434
In base 9, what is -3 + 65271?
65267
In base 16, what is -4ee7 - 0?
-4ee7
In base 13, what is 1256 + -784?
7a2
In base 8, what is -772372 + 5?
-772365
In base 3, what is 220222121211 - -12?
220222122000
In base 12, what is 82 - -2151?
2213
In base 11, what is -5166aa + 4?
-5166a6
In base 8, what is 2 + -2174313?
-2174311
In base 8, what is -1432332 + 4?
-1432326
In base 6, what is -5 + 41114334?
41114325
In base 9, what is -48626 + 3?
-48623
In base 12, what is 1 - -26a23?
26a24
In base 13, what is 4b + -4cb8?
-4c6a
In base 3, what is -1001012 - -200?
-1000112
In base 5, what is -212 + -33224?
-33441
In base 10, what is 68 + 20374?
20442
In base 12, what is -4 + 13002?
12bba
In base 9, what is -8745 + 5?
-8740
In base 2, what is 110100001000 + 10100011?
110110101011
In base 16, what is -1991 - -5?
-198c
In base 6, what is 5 + -12002434?
-12002425
In base 2, what is 10100111001110110 - -101?
10100111001111011
In base 11, what is -8070 + 145?
-7a26
In base 6, what is -24441333 + -11?
-24441344
In base 11, what is 14081 - -2?
14083
In base 14, what is -112c5 + -b?
-112d2
In base 5, what is 13 - 1434002?
-1433434
In base 9, what is 0 - 3243?
-3243
In base 10, what is -2 + -19555?
-19557
In base 9, what is 8 + -30436?
-30427
In base 16, what is 3 + -9b7?
-9b4
In base 9, what is 3 - 33051?
-33047
In base 8, what is 5 - -521161?
521166
In base 8, what is -5 - 25533?
-25540
In base 2, what is 101 - 11001100100111110?
-11001100100111001
In base 11, what is 2336 - 4?
2332
In base 14, what is a - 12780?
-12774
In base 3, what is -1021102120 - -12?
-1021102101
In base 8, what is -4461 - 71?
-4552
In base 5, what is -12 + 12400113?
12400101
In base 15, what is -3a82 + -3?
-3a85
In base 13, what is 23 + 48aa?
4900
In base 10, what is -2 - 270732?
-270734
In base 8, what is -174440 - 72?
-174532
In base 6, what is -15 + 135411?
135352
In base 4, what is -100 + 12230310?
12230210
In base 16, what is 0 + 21d5d?
21d5d
In base 15, what is -14 + -7923?
-7937
In base 8, what is -5 + 52561?
52554
In base 3, what is -10112220010000 - 10?
-10112220010010
In base 7, what is -26502 + -562?
-30364
In base 7, what is 5 - 15151?
-15143
In base 10, what is -5 + 203102?
203097
In base 4, what is 3 - -1000300213?
1000300222
In base 13, what is 2 + -3c92?
-3c90
In base 6, what is 14542 + 220?
15202
In base 8, what is 2 + -2761534?
-2761532
In base 11, what is 205 - 32?
183
In base 4, what is 3 - -2202303?
2202312
In base 2, what is -1011111000 + -100001010001?
-101101001001
In base 2, what is -1000101000010110010110 - -10?
-1000101000010110010100
In base 4, what is -1310 - 33113?
-101023
In base 16, what is 1d + 3686?
36a3
In base 8, what is 113771 - 3?
113766
In base 6, what is 2 - -1251352?
1251354
In base 13, what is -34a + 31?
-319
In base 13, what is 38728 + -7?
38721
In base 8, what is -3172 - -201?
-2771
In base 8, what is 3 - 257430?
-257425
In base 14, what is b1c86 - -4?
b1c8a
In base 2, what is 10100100101000001101 - -10?
10100100101000001111
In base 11, what is -4 - 12704?
-12708
In base 3, what is 10001 + 1211110?
1221111
In base 14, what is -1d7 + -8?
-201
In base 13, what is -1b + -1a7?
-1c5
In base 7, what is -20213 - -214?
-16666
In base 10, what is 2 - -1406?
1408
In base 13, what is 4 - -a36?
a3a
In base 14, what is -4d3 - 6c?
-561
In base 3, what is 10 + -10122212102?
-10122212022
In base 3, what is 2000 - 122010?
-120010
In base 4, what is -100320131 + 11?
-100320120
In base 7, what is 223 + -66?
124
In base 12, what is 679ba + 1?
679bb
In base 13, what is 30 - 4710?
-46b0
In base 12, what is 20 + 7b81?
7ba1
In base 5, what is 30 - -1010?
1040
In base 2, what is 0 - -110010111101000?
110010111101000
In base 12, what is -9868 - -92?
-9796
In base 4, what is 120213212 + -3?
120213203
In base 8, what is -406301 + -4?
-406305
In base 6, what is -10123 - -43423?
33300
In base 9, what is -5582 - 166?
-5758
In base 2, what is 110100000111111 - 1100?
110100000110011
In base 5, what is -402231 + 10?
-402221
In base 7, what is 26 + -106542?
-106513
In base 4, what is 1020 + -22132?
-21112
In base 6, what is -2 + 2554515?
2554513
In base 12, what is 4 + 54590?
54594
In base 14, what is 161 + 26?
187
In base 7, what is 4 + 666231?
666235
In base 6, what is -5 + 121425?
121420
In base 2, what is 111000011000111000101 + 11?
111000011000111001000
In base 11, what is -11 - -12620?
1260a
In base 10, what is -2 + -25050?
-25052
In base 6, what is 12353133 + -2?
12353131
In base 9, what is -23740 + 55?
-23674
In base 8, what is 3353654 + 10?
3353664
In base 2, what is -101 - 10010000011100100?
-10010000011101001
In base 3, what is -10020221 - 2122?
-10100120
In base 6, what is 0 + 22052035?
22052035
In base 3, what is -111212 - 1221?
-120210
In base 8, what is -60 - -732?
652
In base 13, what is -2 + -1b9977?
-1b9979
In base 13, what is 33 - 946?
-913
In base 4, what is 33 - -203323?
210022
In base 12, what is 184866 + -6?
184860
In base 13, what is 40 - -1500?
1540
In base 15, what is da3 + -5?
d9d
In base 15, what is 7 + 39?
41
In base 16, what is -d35b5 - -2?
-d35b3
In base 7, what is -463 + -52?
-545
In base 4, what is 1233123 - 2233?
1230230
In base 14, what is -1 + 2080?
207d
In base 11, what is 3a3a + 20?
3a5a
In base 4, what is -2221 - -121330?
113103
In base 15, what is 3d0a + 0?
3d0a
In base 14, what is -bba4 + 7?
-bb9b
In base 12, what is 718a - 2?
7188
In base 9, what is 11580827 + -3?
11580824
In base 4, what is 1130123 - -100?
1130223
In base 13, what is 3090 + -4?
3089
In base 4, what is -12120120 - 0?
-12120120
In base 10, what is -3262 - 28?
-3290
In base 12, what is 8 + 6260?
6268
In base 11, what is 0 + 36896?
36896
In base 4, what is 123021120 + 11?
123021131
In base 9, what is 525 + 47?
573
In base 2, what is -1000010010111101 - 11?
-1000010011000000
In base 8, what is -3770 + 2?
-3766
In base 6, what is 2023441 - 1?
2023440
In base 8, what is 35 - 14527?
-14472
In base 5, what is 1341112 - -114?
1341231
In base 8, what is 362 - 476?
-114
In base 3, what is 21212 + -1000011?
-201022
In base 7, what is 11312531 + -1?
11312530
In base 14, what is -2833 + -d9?
-292c
In base 13, what is -102c68 - -1?
-102c67
In base